 11211. Give d(-55).
9
Let j(u) = 3*u**2 + 27*u - 47. Calculate j(-11).
19
Let n(k) = -k**3 + 42*k**2 + 232*k - 24. Calculate n(-5).
-9
Let s(n) = -33*n**3 - 396*n**2 - 4. Give s(-12).
-4
Let p(i) = i**3 + 16*i**2 - 141*i - 2243. Give p(-13).
97
Let d(c) = -c**3 + 27*c**2 - 11*c + 231. Determine d(27).
-66
Let q(i) = -273*i - 815. Calculate q(-3).
4
Let l(g) = 46*g**3 - 782*g**2 - 6*g + 110. Determine l(17).
8
Let g(f) = -72*f - 1077. What is g(-15)?
3
Let p(k) = k**3 + 21*k**2 + 21*k + 34. Calculate p(-20).
14
Let s(h) = -52*h + 59. Determine s(1).
7
Let s(c) = c**2 - 196*c - 3159. Determine s(-15).
6
Let x(t) = -4*t**2 - 69*t + 296. Calculate x(-21).
-19
Let s(a) = -4*a**2 + 98*a + 48. Determine s(25).
-2
Let x(n) = -8*n + 514. Determine x(65).
-6
Let i(c) = -20*c - 507. Determine i(-26).
13
Let a(m) = m**3 + 51*m**2 + 67*m + 818. What is a(-50)?
-32
Let i(y) = 46*y - 9254. Give i(202).
38
Let v(d) = -5*d**3 - 5*d**2 + d + 2. Determine v(-1).
1
Let h(s) = s**2 - 315*s - 2666. Give h(-8).
-82
Let w(m) = -363*m - 5811. What is w(-16)?
-3
Let t(r) = 9*r + 627. Calculate t(-71).
-12
Let x(q) = 674*q + 19610. What is x(-29)?
64
Let s(v) = -v**3 - v**2 + 11*v + 7. Give s(-5).
52
Let z(u) = -32*u + 811. What is z(24)?
43
Let v(z) = -68*z**2 - 11011*z + 816. Calculate v(-162).
6
Let c(k) = -17*k + 131. Give c(16).
-141
Let v(a) = a**2 - 10*a - 10. Calculate v(11).
1
Let b(c) = 180*c**3 + 2*c**2 + c - 2. Calculate b(-1).
-181
Let x(h) = -299*h - 8028. What is x(-27)?
45
Let q(a) = 108*a + 18682. What is q(-173)?
-2
Let a(t) = t**3 - 18*t**2 - 4*t + 14. Give a(18).
-58
Let t(c) = 1975*c - 27650. Determine t(14).
0
Let i(k) = -k**3 - 8*k**2 + 86*k + 697. Give i(-8).
9
Let d(f) = f**3 + 7*f**2 + 15*f + 17. Calculate d(-4).
5
Let d(n) = -79*n**2 + 9*n + 25. Give d(-2).
-309
Let m(r) = -r**2 - 35*r - 300. What is m(-10)?
-50
Let g(l) = -8*l**3 - 3*l**2 + 2. Determine g(1).
-9
Let u(y) = y**2 - 14*y - 16. Give u(12).
-40
Let j(b) = -2*b**2 + 108*b + 596. What is j(59)?
6
Let f(b) = 19*b + 302. Calculate f(-18).
-40
Let o(n) = -18*n - 1304. Calculate o(-73).
10
Let h(d) = 249*d**3 + 2*d + 2. Calculate h(-1).
-249
Let s(j) = -2*j**3 - 71*j**2 + 35*j - 3. What is s(-36)?
33
Let u(p) = p**2 - 6*p - 109. What is u(12)?
-37
Let i(u) = -2*u**3 - 129*u**2 - 1987*u + 88. Calculate i(-39).
10
Let g(x) = -2*x**3 - 5*x**2 + 10. Determine g(3).
-89
Let x(g) = g**3 + 31*g**2 + 100*g + 2103. Calculate x(-30).
3
Let n(g) = -32*g + 455. Calculate n(15).
-25
Let v(x) = -12*x**3 - 213*x**2 + 53*x - 21. Calculate v(-18).
-3
Let v(l) = -l**3 - 104*l**2 - 2126*l + 147. Calculate v(-76).
-5
Let r(u) = -u**2 + 112*u + 8102. What is r(162)?
2
Let n(m) = 2*m - 7. Determine n(-11).
-29
Let k(a) = a**3 + 11*a**2 - 42*a - 353. Give k(-12).
7
Let p(v) = 15*v**2 + 808*v - 112. Determine p(-54).
-4
Let n(v) = -2977*v - 6007. Give n(-2).
-53
Let f(c) = c**3 - 37*c**2 - 83*c + 208. Give f(39).
13
Let f(o) = -113*o + 829. What is f(7)?
38
Let j(s) = -18*s**3 + 15*s**2 + 14*s. Determine j(-1).
19
Let b(w) = 101*w - 626. Determine b(6).
-20
Let n(v) = v**3 + 31*v**2 + v + 18. Calculate n(-31).
-13
Let h(o) = -406*o + 1695. Determine h(4).
71
Let y(i) = i**3 + 18*i**2 + 14*i - 38. What is y(-16)?
250
Let y(n) = 4*n**2 + 12*n + 3. Determine y(-11).
355
Let a(g) = -51*g + 1131. Determine a(22).
9
Let c(q) = 2*q - 16. Give c(-50).
-116
Let n(u) = -4*u - 182. Give n(-47).
6
Let g(i) = -44*i + 131. Determine g(11).
-353
Let i(h) = -h**3 - 32*h**2 - 8*h - 150. Calculate i(-32).
106
Let y(z) = 2*z**2 - 16902*z - 101484. Give y(-6).
0
Let h(m) = -m**2 + 39*m - 269. Determine h(29).
21
Let a(d) = -d**3 + 36*d**2 - 307*d - 38. What is a(22)?
-16
Let j(u) = u**3 - 21*u**2 + 26*u - 81. Calculate j(21).
465
Let m(u) = -u**3 + 26*u**2 - 80*u + 1391. Give m(25).
16
Let a(g) = -21*g - 34. Give a(-34).
680
Let u(s) = s**3 + 23*s**2 + 130*s. Give u(-13).
0
Let f(m) = -2*m**2 - 33*m - 99. Determine f(-9).
36
Let g(c) = -c**3 - 22*c**2 - 10*c + 69. Give g(-21).
-162
Let n(h) = -h**3 + 9*h**2 + 71*h - 509. Calculate n(8).
123
Let f(a) = 8667*a - 43302. Calculate f(5).
33
Let l(k) = k**3 + 15*k**2 - 100*k - 28. Give l(-20).
-28
Let f(w) = 15*w**2 + 24*w - 43. Give f(2).
65
Let g(h) = -428*h + 1977. Give g(5).
-163
Let y(i) = i**3 + 9*i**2 - 24*i - 30. What is y(-8)?
226
Let a(w) = -487*w - 114. Determine a(-1).
373
Let h(c) = -c**3 - 2*c**2 - 3*c - 206. Calculate h(0).
-206
Let i(w) = -w**3 - 60*w**2 - 59*w - 361. What is i(-59)?
-361
Let a(l) = -l**3 + 13*l**2 + 11*l + 8. Determine a(12).
284
Let b(g) = -g**3 + 9*g**2 + 14*g - 14. What is b(5)?
156
Let b(z) = z**3 + 16*z**2 - 17*z + 6. Calculate b(-17).
6
Let h(j) = -j**3 + 23*j**2 + 2*j - 23. Give h(23).
23
Let p(b) = -b**3 + 28*b**2 + 18*b + 248. Determine p(29).
-71
Let v(q) = -q**3 - 9*q**2 + 20*q - 7. Calculate v(-9).
-187
Let j(u) = -u**3 + u**2 - 18*u - 17. Calculate j(-5).
223
Let c(q) = q**3 - 10*q**2 - 5*q - 19. Determine c(11).
47
Let g(b) = 101*b**2 - 1716*b - 10. Give g(17).
7
Let j(y) = y**3 + 10*y**2 + 23*y + 8. Calculate j(-4).
12
Let l(b) = 373*b - 1080. Give l(3).
39
Let t(m) = m**3 - 6*m**2 - 36*m + 12. Calculate t(-4).
-4
Let s(x) = 4*x**2 + 283*x + 2203. Calculate s(-9).
-20
Let j(m) = m**2 + 48*m + 402. Calculate j(-12).
-30
Let j(t) = -20*t + 220. What is j(10)?
20
Let y(l) = 6*l**3 + 3*l**2 - 14*l - 31. Calculate y(-3).
-124
Let f(r) = -6*r**2 - 27*r + 67. Determine f(3).
-68
Let q(v) = v**2 - 88*v - 5. Determine q(88).
-5
Let a(y) = -16*y. Determine a(-33).
528
Let r(k) = -k**2 - 196*k - 764. What is r(-192)?
4
Let k(t) = 3*t**3 + 477*t**2 - t - 152. What is k(-159)?
7
Let l(d) = 7*d**2 - 152*d + 667. Determine l(6).
7
Let y(g) = -809*g + 10543. What is y(13)?
26
Let x(j) = -286*j - 20. Give x(-1).
266
Let v(k) = k**2 + 25*k - 118. Determine v(-31).
68
Let c(w) = w**3 + 15*w**2 + 67*w + 145. Determine c(-10).
-25
Let z(a) = 8*a**3 + 18*a**2 + 9*a + 1. Give z(-4).
-259
Let y(w) = 124*w - 1476. What is y(11)?
-112
Let d(r) = r**3 - 51*r**2 + 13. What is d(51)?
13
Let v(x) = -2*x**3 + 51*x**2 + 372*x - 45. Determine v(-6).
-9
Let p(v) = 5*v**2 + 3*v - 88. Give p(7).
178
Let j(y) = -y**3 + 32*y + 5. Give j(0).
5
Let d(h) = h**3 - 3*h**2 - h - 479. Determine d(9).
-2
Let s(c) = -4*c - 120. Calculate s(-48).
72
Let w(p) = 3804*p - 22825. Calculate w(6).
-1
Let o(d) = 3*d**2 - 63*d + 10. What is o(21)?
10
Let h(u) = 15*u + 88. Determine h(-13).
-107
Let f(g) = 944*g + 959. Calculate f(-1).
15
Let l(w) = -w**3 - 2*w**2 + 131. Calculate l(0).
131
Let u(b) = b**3 + 12*b**2 - 49*b + 48. Determine u(3).
36
Let t(v) = -4*v**2 + 27*v + 516. Give t(15).
21
Let m(c) = 122*c**2 + 782*c + 297. What is m(-6)?
-3
Let t(m) = -m**3 - 11*m**2 - 9*m - 8. Calculate t(-8).
-128
Let u(o) = -o**3 + 77*o**2 - 8*o + 617. What is u(77)?
1
Let b(y) = -2*y**2 - 9*y - 36. What is b(-3)?
-27
Let k(a) = a**2 + 91*a + 1552. What is k(-23)?
-12
Let s(f) = -3*f**3 + 50*f**2 + 79*f - 34. Calculate s(18).
92
Let l(r) = -2*r**2 - 116*r - 327. Give l(-55).
3
Let n(j) = j**3 + 2*j**2 - 90. What is n(4)?
6
Let h(s) = -78*s - 1164. Determine h(-15).
6
Let f(d) = -32*d**2 - 10*d + 1. What is f(-3)?
-257
Let u(x) = -x**3 + 57*x**2 - 110*x - 66. Calculate u(55).
-66
Let r(n) = 4*n**2 - 39*n + 232. Determine r(9).
205
Let v(i) = i**3 + 23*i**2 + 20*i + 9. What is v(-22)?
53
Let r(i) = -2*i**3 - 4*i**2 + 13*i + 31. What is r(4)?
-109
Let p(o) = -9*o**2 + 140*o - 67. Determine p(15).
8
Let p(w) = w**3 - 14*w**2 - 2872*w + 299. Give p(61).
-6
Let v(q) = -q**3 + 12*q**2 - 29*q + 65. Calculate v(10).
-25
Let l(v) = -v**3 + 17*v**2 + 476*v - 80. Give l(-15).
-20
Let o(i) = 40*i - 3289. Determine o(81).
-49
Let j(n) = -28*n + 1970. What is j(70)?
10
Let s(w) = -98*w - 50. Calculate s(-5).
440
Let w(p) = -423*p - 289. Give w(0).
-289
Let r(j) = -j**2 - 4*j + 116. What is r(-12)?
20
Let y(v) = -v**3 - 25*v**2 - 143*v - 19. Calculate y(-18).
287
Let c(z) = -20*z + 1293. What is c(64)?
13
Let v(l) = -l**3 + 38*l**2 - 199*l + 266. What is v(32)?
42
Let r(j) = j**3 + 6*j**2 - 24*j - 33. Determine r(-9).
-60
Let h(f) = -50*f**2 - f + 42. Calculate h(0).
42
Let v(c) = -c**2 + 116*c + 4146. Determine v(-29).
-59
Let j(s) = s**2 - 33*s + 188. What is j(7)?
6
Let v(q) = 33*q - 93. Give v(3).
6
Let p(o